32?
-22
What is the value of 13 + -7 + 9 + -5 + -2 + 1?
9
What is the value of -3 + 2 + 0 + 25 + -56?
-32
Evaluate -13 - (-1 - 2) - (-10 - -2).
-2
What is 4 + -6 + (-3 - 11 - -2) - -5?
-9
What is -23 - (-6 - 10) - (-4 - 12)?
9
Calculate 14 + -3 + 5 - (-3 - 5 - -14).
10
-3 - 3 - (-9 - (-8 - 12 - -9))
-8
-3 + 14 + (-11 - -6) + -19
-13
3 + 10 + -2 + (250 - 273)
-12
Calculate 0 - 2 - (10 + 0 - (84 + -86)).
-14
Evaluate -26 + 29 + -7 - -27.
23
Evaluate (6 + 0 - 1) + 26 + -15 + -16.
0
Evaluate (-40 - -7 - -34) + -10 + 0 - 6.
-15
Calculate ((3 - 0) + -6 - (-17 - -20)) + 9.
3
Evaluate -9 + (-21 - (23 + -39)).
-14
What is the value of 13 + 11 + 24 + 8 + -23?
33
What is 8 + -34 + 137 + -100?
11
What is -4 - ((-6 - -11) + (1 - -1))?
-11
Calculate 36 + 0 - (9 - (7 + 9 + -14)).
29
What is -4 - (6 - (-2 - (-4 + 5 + -7)))?
-6
Calculate 41 + -39 - (4 + 7).
-9
What is the value of -73 - -82 - (0 + -3 + -1 + -3)?
16
What is the value of (3 - -1) + -38 + 30?
-4
What is 1 - 20 - (20 - 5 - 28)?
-6
4 - (14 + 1 + -198 + 197)
-10
Evaluate -14 + -4 + 15 + (-18 + 7 - -4).
-10
What is the value of (-3 - -4) + (6 - 10) - -10?
7
Evaluate -36 + 10 - (-26 - 16).
16
What is the value of (-5 - -2) + (111 - 115)?
-7
Evaluate -33 + 0 - (-618 - -598).
-13
What is the value of (12 - 3) + (5 - (-2 + 3 + -2))?
15
What is the value of (30 - (-13 - -29)) + -8?
6
What is the value of -274 + 256 - (-3 - -2 - 5)?
-12
Evaluate (0 - -5) + (1 - -1) - (822 - 829).
14
7 - ((2 - -7) + -9) - (1 - 1)
7
Calculate 15 + -21 - (-7 + -1).
2
What is the value of (2 - -1 - (7 - 2)) + (9 - 42)?
-35
What is (-3 - -14) + -9 - (1 + -11)?
12
Calculate 890 + -852 - (0 + 36).
2
What is the value of (3 - (5 - -4)) + 20 - (1 - -4)?
9
What is -23 - (24 - (-2 - -9)) - -17?
-23
What is the value of 1 - (-4 + 17 - (5 + (1 - 4)))?
-10
What is -6 + 2 + -4 + (3 - (5 - 3))?
-7
What is (-10 - (-7 + 21)) + -2 + -8?
-34
-2 - (-4 + 9 + -5 + 5) - 0
-7
What is -9 - 1 - (-340 - -339)?
-9
Evaluate (-2 + 11 - 0) + -3 + -10.
-4
Evaluate (-4 - 1) + (51 + -26 - 33).
-13
Evaluate 0 + -4 + -8 + (13 - -8).
9
-1 + 23 - (10 - -3)
9
Calculate (7 + -11 - 5) + 15 + -5 - 5.
-4
Evaluate 51 + (-31 - 16) - (19 + -1).
-14
Evaluate (-4 - (-2 + 1)) + (44 - (82 + -40)).
-1
Calculate 8 - (14 + 5 + -11 + 0).
0
Calculate -27 + 28 + (-9 + 5 - 1) - 19.
-23
Evaluate (-34 - -20) + (-2 - (-8 - -4) - 2).
-14
What is (-15 + (9 - -1) - -3) + -4 + 22?
16
What is (-9 - -10) + 9 + -12 + -4?
-6
Calculate 10 + (-48 - -3 - -10).
-25
Calculate -2 + 4 + (-30 - -40).
12
(22 + -1 - (14 + -29 + 20)) + 3
19
What is 12 - 5 - (6 + -7 + -4)?
12
What is 6 + (-2 - (6 + -8 - -3 - -25))?
-22
What is the value of (159 - 164) + 2 + (6 - 1)?
2
What is 6 + -5 - (0 + 0)?
1
What is -2 - 42 - (-909 + 875)?
-10
-8 + -12 + -7 + 15
-12
Evaluate 6 + -6 - (-109 + 109).
0
Calculate 10 + -43 + 25 - 19.
-27
Calculate 27 - ((-26 - -37) + -5 + -4).
25
What is the value of -1 + -13 + -5 + 31?
12
What is the value of 1068 + -1074 - (-7 + -1 + 1)?
1
What is the value of 19 + -15 - (-2 + 6 - 6)?
6
What is (13 - 1) + (-24 - -24) + -19?
-7
Evaluate 2 + -1 - (10 + -13 + 2 - 5).
7
-15 + (9 - 5) - -17
6
-24 + (9 - 0) + 8
-7
What is -197 + 192 - (1 + 1)?
-7
What is 128 + -118 + (-3 - 0)?
7
Calculate (-13 - -3 - -15) + -6 - 11.
-12
Evaluate -14 - -13 - (-3 + -2 - (40 - 28)).
16
What is the value of -5 + 1 + (-7 + 11 - 7 - -6)?
-1
What is -4 + (4 - 3) + 3 + 5?
5
Calculate (21 - (9 - -8)) + (-3 - 1) + 4.
4
Evaluate (16 - -1) + (66 - (-8 + 83)).
8
Calculate (15 - (2 - -5)) + (8 - 16) + 6.
6
What is 39 + (2 - 43) + -28?
-30
Evaluate -16 + 23 - -3 - -2.
12
Calculate 38 + -5 - (-15 - -39).
9
Evaluate (19 - 8) + -8 + (-27 - -4).
-20
What is 5 + (0 - 0) - 0 - (731 - 733)?
7
What is -6 + -22 + 7 + 4?
-17
What is the value of 677 + -690 + (-2 - (-2 - -1))?
-14
Calculate (-1 - -15) + (40 - 57).
-3
What is the value of (22 - 7) + (6 - 21 - -12)?
12
Evaluate -11 + 9 + 3 + -3 + 13.
11
1 + (-7 - (7 - -10)) - -9
-14
What is the value of -1 - -10 - (-433 - -435)?
7
(-13 - -31) + -12 + 29
35
Evaluate 3 + -20 + 6 + -3 + 5.
-9
11 - 11 - (-40 + 11)
29
(-6 - -12) + (-3 - 11)
-8
-25 - (-60 - -72 - (15 + 2))
-20
-1 - (0 - 0) - (-1 - (36 + -31))
5
Calculate -3 + -194 + 195 + (-9 - -1).
-10
Calculate -4 + (-1 + 1 - -3) + -15 - 1.
-17
Evaluate (26 - 45) + 25 + -2.
4
What is 9 - (7 - 5 - 8 - -16)?
-1
What is the value of (3 - -5) + 2 - (10 + -3) - -10?
13
What is 1 + 10 + (-193 - -172)?
-10
Evaluate -81 + 109 + (-53 - -5).
-20
Calculate 12 + 1 + (-5 + -5 - 3) + 11.
11
Evaluate 2 - 17 - (125 - 129).
-11
Evaluate 5 - 0 - ((10 - 0) + -10) - -1.
6
What is 512 + -507 + (-2 + -31 - -2)?
-26
What is the value of 27 - (3 + 14 + -11)?
21
Evaluate 7 + -15 + -2 + 6.
-4
What is the value of 71 + -50 + (-29 - -2)?
-6
Evaluate (-3 - -9 - (4 + -9)) + (27 - 14).
24
Evaluate -7 + -13 + (-1 - -2) + 54 + -48.
-13
What is 15 + -2 + -18 + -15?
-20
What is 2 + -15 - 0 - (-27 - (-29 - -8))?
-7
Evaluate 10 - (15 + 14 + 3).
-22
Calculate -5 - (20 + -20 - (5 - 0)).
0
What is -4 - (13 - ((10 - -2) + -14))?
-19
What is (-1 - -13 - -16) + -49?
-21
What is the value of (9 - 8) + 7 + 10 - 9?
9
(15 - 16) + -15 - -14
-2
Evaluate -3 + -6 + 0 + 1 + (-5 - -5).
-8
What is the value of (-10 + (12 - 3) - 7 - -3) + -8?
-13
Calculate (20 - 5) + (2 - 10) + -16.
-9
-1 + 13 + (720 - 721)
11
Calculate 1 - 10 - (-23 + 0 + 15 + -9).
8
Evaluate -61 + 1 + (-20 - -53).
-27
What is the value of 11 - -1 - (656 - 657)?
13
What is the value of (1 - 16) + 50 - 33?
2
What is 1 - (-2 + 5) - (-28 + 8 - -6)?
12
What is the value of (24 - 9) + -9 - (-9 - -33 - 5)?
-13
-23 + -5 + 6 + 1
-21
0 + -16 + 34 + (-29 - 5)
-16
What is -5 + (-10 - (-1 + -13)) - -3?
2
What is the value of -4 + (8 - 15) + 15 + 10?
14
Calculate -10 - (-10 + (13 - 12)).
-1
Evaluate 0 + 0 + -48 + 58 - 26.
-16
What is the value of (14 + -19 - -5) + (1 - -8)?
9
Calculate (-9 - -15 - -1) + 8 + -19.
-4
Calculate (0 - 6 - 1) + (5 - (5 + -3)).
-4
What is 1 - (34 - (2 + 16))?
-15
Calculate 10 + (1 - -18) + (182 - 220).
-9
Evaluate -20 - -3 - ((-7 - -6 - -10) + 3).
-29
What is the value of (0 - (5 + 1)) + 2 + 2 - -2?
0
What is the value of -39 - (14 + -39) - 5?
-19
Calculate -6 - (2 - 2) - (5 - 0).
-11
What is (-14 - 10) + 1 - (-13 + 1)?
-11
What is the value of 42 + (-101 - -37) + 56?
34
What is -4 + (2 - (-8 - -1)) + (23 - 16)?
12
Evaluate -13 - (-119 + 134 + (0 - 6)).
-22
What is the value of -2 + (8 + -23 - -18)?
1
4 - (23 + -1 + 6 - 3) - 4
-25
What is the value of 8 + -11 + 4 + 4 + (-1 - -6)?
10
What is 14 - (-5 - (22 - 19) - (-2 + -5))?
15
(26 + -48 - -39) + -24
-7
What is 3 + -14 + 6 + 7 + -7?
-5
What is the value of -19 + 31 - 20 - (2 + -1 + 1)?
-10
Calculate (6 - 1 - -1) + -9 + -14.
-17
What is the value of -11 + -4 + -16 + 19?
-12
What is the value of -3 - -5 - ((-4 - -3) + 6 + -7)?
4
What is the value of 38 + 36 - 80 - (-9 - -1)?
2
Evaluate 2 + -3 + (27 - 36).
-10
Evaluate (8 + -9 - -1) + 5.
5
Calculate (57 - 24 - 20) + -8 + 0.
5
Evaluate 9 + (10 - 18) + -9 + 12 + -35.
-31
What is -2 + 2 + 7 - (-57 - -4 - -36)?
24
Calculate 4 - (-15 + 31 + -4).
-8
What is the value of 2 + (-2 - (10 + -22)) + 2 + 3?
17
(-9 - (-17 + -18)) + -13
13
What is the value of (2 - 7) + (10 - 4) - (-46 + 44)?
3
(-2 - 1) + 22 - 12
7
Calculate 2 + -10 + 8 + (-7 - -11).
4
What is the value of (-10 - -30) + 52 + -52?
20
What is the value of (6 - -1) + -78 + 35 + 11?
-25
What is the value of 3 + -1 + 11 + 5 - 2?
16
-12 + -1 + 4 - 0
-9
-2 + 19 - (26 + -6)
-3
What is -3 + (-1 - 8) - (-4 - 2)?
-6
-173 + 173 + (-21 - -1 - -1)
-19
What is (-42 - -1) + 40 + -9?
-10
What is 0 - 8 - ((-1 - -10) + -2)?
-15
Calculate -14 + 5 - (-12 + -9).
12
Evaluate 56 + -10 + -12 - 18.
16
What is (-25 + 36 - 33) + 2?
-20
What is -6 - (-33 + 26 + -33)?
34
What is 10 + -55 + 19 + 0?
-26
Calculate -3 - 4 - (-5 - -2 - 20 - -5).
11
(-4 - ((-7 - 0) + 1)) + 2
4
Calculate -30 + (27 - -2) + (-2 - (-1 - 2)).
0
Calculate 11 + (-3 + -10 - 6).
-8
What is the value of 8 + (2 - (21 + -10)) + 13?
12
221 + -200 - (27 + 0) - (-43 - 0)
37
-3 - (2 + 13 + -16)
-2
What is the value of -3 - (9 - (-2 + 8))?
-6
What is (4 - -3 - 2) + (-26 - -4)?
-17
What is the value of (1 - (1 - -28)) + (31 - (-18 + 49))?
-28
What is the value of (37 - 57) + 28 - -3?
11
Calculate (-6 - -8) + (-5 - -2) + (-2 - 